tens digit of m?
4
Suppose 3*o - 5*z = 6525, -2*o + 55*z + 4372 = 59*z. What is the tens digit of o?
8
Let f(x) = -x**3 - 8*x**2 + 13*x + 66. Let r be f(-8). Let g = r + 242. What is the tens digit of g?
0
Let i be ((-150)/(-6) - 6)/((-1)/(-8)). Suppose 0 = 2*g - 2*m + 24 - i, -5*m + 100 = 2*g. What is the tens digit of g?
6
Suppose 0 = -4*d + 265 + 1014 + 585. What is the hundreds digit of d?
4
Suppose 4*d + 1 = 2*u + 5, 0 = -5*u - 3*d + 3. Let f be (-3 + u)*1016/24. Let k = f + 224. What is the units digit of k?
7
Let z = 7468 - 2191. What is the tens digit of z?
7
What is the thousands digit of (-2 + 9328)*(102/(-187) + 333/66)?
1
Suppose 0 = 4*d, h + 2*d - 3*d = 1046. Let q = h + -670. What is the hundreds digit of q?
3
Let y be (-131)/2*-2 - -5. Let z = 446 - y. What is the units digit of z?
0
Suppose -s + a + 6 = -0*s, 27 = 5*s - 4*a. Let p = -3 + 3. Suppose s*b - 8 - 484 = p. What is the hundreds digit of b?
1
Suppose -2*j - f = -3*f - 536, 2*f + 1325 = 5*j. Suppose -5*q - 3*p + 727 = 0, 5*p - 11 - 9 = 0. Let y = j - q. What is the hundreds digit of y?
1
Let g = -93 - -98. Suppose n + 5*u - 217 = 0, -g*n + 758 = 3*u - 371. What is the tens digit of n?
2
Let h be (-3)/(20/(-15) + 1). Suppose h*x + 512 = 13*x. What is the tens digit of x?
2
Suppose -37*f = -41*f + 736. Let t = 139 + f. What is the tens digit of t?
2
Suppose -3 = -5*u + 172. Suppose -5*w - n - u = 0, 15 - 54 = 4*w + 3*n. What is the units digit of (-19 + 1)*4/w?
2
Suppose -145*q + 1565408 = -126*q + 193*q. What is the tens digit of q?
8
What is the hundreds digit of 8 + (-6)/((-78)/72683)?
5
Let w(u) = 7*u**2 - 17*u - 522. What is the thousands digit of w(32)?
6
Suppose -b + 207 = 144. What is the units digit of 6/14 + 27126/b?
1
Suppose 8*f - 48 = -0*f. What is the tens digit of (f/(-9))/(3/(4374/(-4)))?
4
Let j(z) = z**2 + 2*z - 1. Let r be j(-4). Suppose -9*u + r*u + 58 = 0. Suppose 0 = 13*g - 12*g - u. What is the tens digit of g?
2
Let a(s) = 147*s**2 - 74*s + 37. What is the ten thousands digit of a(13)?
2
Let t = 80 - 112. What is the units digit of 12/(-3)*4888/t - 4?
7
Let m be (23 + -27)*(-1 - 19/(-4)). Let i = -22 - m. Let c(a) = -18*a - 29. What is the tens digit of c(i)?
9
Suppose 9*j - 12*j = -48. Let t be (-15)/(-120) - (-62)/j. Suppose t*s - f - 64 = 3*s, 2*s - 148 = -3*f. What is the units digit of s?
8
Suppose -i = 3*u + 8331 - 810, 2*i - 5*u + 15097 = 0. What is the hundreds digit of (-3)/2*i/36*1?
3
Let a(u) = -19*u - 62. Let q be a(-9). Let v(c) = c + 6. Let f be v(-3). Suppose 2*j = 3*t + q, 3*j + f*t + 0*t = 141. What is the units digit of j?
0
Let t = 3760 - 1924. What is the tens digit of t?
3
Suppose -371380 = 756*f - 818*f. What is the thousands digit of f?
5
Suppose -2*o + 121232 = -13*p + 9*p, o + 5*p = 60644. What is the hundreds digit of o?
6
Let h = 31671 - 7339. What is the hundreds digit of h?
3
Suppose 0 = -33*f + 28*f - 25. Let k be (-303 - f)/(4/(-6)). Suppose -2*d = -k + 143. What is the units digit of d?
2
Let l(x) = x**3 + 13*x**2 + 15*x - 16. Let o be l(-11). Let p = o + -5. What is the tens digit of p?
5
Let i(j) = -166*j - 96. Let u be i(-7). Let h = -723 + u. What is the tens digit of h?
4
Let s = 136014 - 92357. What is the thousands digit of s?
3
Suppose -13*r + 48 = -12*r + 5*b, -3*r = -b - 112. Suppose 0 = 3*p, 34*d = r*d - 2*p - 4156. What is the thousands digit of d?
1
Let l be (44/2)/((-11)/((-22)/4)). Let g(b) = -b**2 + 13*b + 15. What is the tens digit of g(l)?
3
Suppose -3*t + 2*w = -3*w - 15, 4*t - 46 = -2*w. Let f be (54/15)/(t/(-25)). Let g(z) = -8*z + 4. What is the units digit of g(f)?
6
Let f(d) = -6*d**2 + 8*d - 7. Let q be f(4). What is the units digit of 3/3 + -6*q/2?
4
Let a(o) = 7736*o**2 + 17*o + 16. Let l be a(-1). Suppose 16*k = 17*k - 2*r - 1945, l = 4*k + r. What is the units digit of k?
5
Let d be 2*1 - 2*(1 + 45). Let g = -86 - d. What is the units digit of 5 + 188 + (-16)/g?
9
Suppose -3*l + 3639 = 4*y - 41465, y = 4*l + 11314. What is the thousands digit of y?
1
Let f(o) = o**3 - 21*o**2 - 6*o + 21. Let t be f(21). Let u = t - -393. What is the hundreds digit of u?
2
Suppose -656697 - 111038 - 461445 = -205*s. What is the thousands digit of s?
5
Let s(w) = -1276*w - 9597. What is the hundreds digit of s(-69)?
4
Suppose 2381300 + 521374 = 163*d - 1220248. What is the thousands digit of d?
5
Suppose -16*q - 12*q + 4*q = 0. What is the thousands digit of 77/(-21)*-408 + q/(-2)?
1
Let g = 104 - 52. Suppose -4218 - 1008 = y. What is the tens digit of ((-2)/3)/(g/y)?
6
Let q = 20106 - 12655. What is the hundreds digit of q?
4
Let h = 59 - 61. Let v be (-5 - h) + 4 + 377. Suppose v = 9*x - 3*x. What is the tens digit of x?
6
Let m = 519 - 515. Suppose -3*q + 12 = q. Suppose i = -q + m. What is the units digit of i?
1
Let h(c) = -5*c + 19. Let u be h(3). Suppose 2*a - 523 = v, -u + 5 = v. What is the tens digit of a?
6
Let k be (5 - -8)*1/(-1). Let w(g) = -g**2 - 36*g + 2. What is the tens digit of w(k)?
0
Suppose 3*o + 3*z - 35226 = 0, 4*o - 5*z - 41759 = 5236. Suppose o = 23*k - 8*k. What is the hundreds digit of k?
7
Let y(i) = i + 6. Let z be y(0). Suppose -408 = -z*q + 1386. What is the tens digit of q?
9
Let w be (-12*49/10)/(2/(-60)). What is the hundreds digit of w/16 - (-2)/(-8)?
1
Suppose -11843 = -z - 4*d, -122*z + 123*z - 11816 = 5*d. What is the tens digit of z?
3
Let u(x) = -455*x + 2941. What is the ten thousands digit of u(-58)?
2
Let m(j) = -842*j + 17. What is the thousands digit of m(-12)?
0
Let a be (-2 - 2)*7/(-4). Suppose -a*g = -g - 864. Let u = g - 94. What is the units digit of u?
0
Let v(b) = -b**3 + 40*b**2 + 3*b - 44. What is the tens digit of v(14)?
9
Let p be 3*(-3)/27*-3*2. Suppose -3*s - 207 = -2*g, 5*g + p*s = g + 406. What is the tens digit of g?
0
Let p(k) = 57*k**2 - 110*k + 860. What is the thousands digit of p(28)?
2
Let z(r) = 10*r + 5*r**2 - 15*r**3 + 501 - 511 - 3*r**2. What is the units digit of z(-3)?
3
What is the thousands digit of (-79040)/(-14) - 98/(-343) - 0?
5
Suppose -34 = -s + 787. Suppose -4*u = 5*l - s, -15*u + 4*l - 418 = -17*u. What is the units digit of u?
9
Suppose 0*c = -13*c + 166764. Let i = c + -8476. Suppose -q - i = -17*q. What is the hundreds digit of q?
2
Suppose -10789 = -3*h - 5*t, -t + 2*t - 2 = 0. What is the units digit of h?
3
Let y = -12534 - -22719. What is the ten thousands digit of y?
1
Let o(w) = -1910*w - 1373. What is the thousands digit of o(-8)?
3
Let g = 53 + -58. Let x(y) = -85*y + 11. Let i(d) = -57*d + 7. Let f(n) = g*x(n) + 8*i(n). What is the tens digit of f(-1)?
3
Let m(p) = p**2 + 7*p + 6. Let z be m(-7). Let r be (-2)/z*126/(-6). Suppose -9*o = -r*o - 60. What is the units digit of o?
0
Let d(o) = o**3 - 12*o**2 + 48*o - 73. Let a be d(23). Suppose 0 = 93*l - 88*l - a. What is the hundreds digit of l?
3
Let t = 23592 - 13656. What is the units digit of t?
6
Let d be (-2)/(-3)*3 - 102/(-1). Let n(z) = z**3 - 4*z**2 + 3*z. Let a be n(3). Suppose -b - 20 + d = a. What is the tens digit of b?
8
Suppose -2*i - 25 = -7*i. Suppose i*w - 188 = 4*z + 784, -780 = -4*w + 4*z. Let f = 428 - w. What is the hundreds digit of f?
2
Let i = 1 - -4. Let b be (6/(-4))/(30/(-80)). Suppose -i*s = -4*z + 100, -140 = -b*z - 6*s + s. What is the units digit of z?
0
Let r(a) = 2*a**3 + 37*a**2 + 10*a + 43. What is the hundreds digit of r(-7)?
1
Let i(h) = 139*h**3 + h + 1. Let j be i(-1). Suppose -396 - 99 = 5*d + l, 396 = -4*d - 3*l. Let t = d - j. What is the units digit of t?
0
Let d(w) = w**3 - 9*w**2 + 7*w + 8. Let n(o) = 4*o + 1. Let z(x) = -2*x. Let v be z(-1). Let c be n(v). What is the units digit of d(c)?
1
Let l be (-62813)/115 - -1*(-4)/5. Let t = 282 - l. What is the units digit of t?
9
Let y = 37 + -39. What is the units digit of (-5 - (y - -196))*(-3 - -1)?
8
Let q = 32219 - 21306. What is the thousands digit of q?
0
Suppose 6 = 129*w - 130*w. What is the hundreds digit of ((-222)/w)/(1/4)?
1
Let c = -2426 + 22075. What is the units digit of c?
9
Suppose 2*i = 7*i - 20, -2*j = -2*i - 2. Suppose q + 4 = 5, 3*l = 4*q + 149. Suppose d - l = -4*g - 9, j*g + 149 = 2*d. What is the tens digit of d?
6
Suppose -6 = o + 2*l, -5*o + 30 = -4*l - 10. Suppose 4*j - 847 = 113. Suppose -3*k = -5*b - k + 612, -2*b - o*k = -j. What is the te